{"id":1050,"date":"2018-08-31T15:10:27","date_gmt":"2018-08-31T15:10:27","guid":{"rendered":"http:\/\/protextos.web.ua.pt\/?page_id=1050"},"modified":"2018-11-28T21:02:56","modified_gmt":"2018-11-28T21:02:56","slug":"ana-almeida-da-silva","status":"publish","type":"page","link":"https:\/\/protextos.web.ua.pt\/?page_id=1050","title":{"rendered":"Ana Almeida da Silva"},"content":{"rendered":"<p><a href=\"http:\/\/protextos.web.ua.pt\/wp-content\/uploads\/2018\/08\/Ana-Almeida-da-Silva.png\"><img loading=\"lazy\" decoding=\"async\" class=\"alignright size-medium wp-image-1053\" src=\"http:\/\/protextos.web.ua.pt\/wp-content\/uploads\/2018\/08\/Ana-Almeida-da-Silva-230x300.png\" alt=\"\" width=\"230\" height=\"300\" srcset=\"https:\/\/protextos.web.ua.pt\/wp-content\/uploads\/2018\/08\/Ana-Almeida-da-Silva-230x300.png 230w, https:\/\/protextos.web.ua.pt\/wp-content\/uploads\/2018\/08\/Ana-Almeida-da-Silva.png 235w\" sizes=\"auto, (max-width: 230px) 100vw, 230px\" \/><\/a>Ana Almeida da Silva nasceu em 1982, em Vila Real.<\/p>\n<p>Licenciou-se em Ensino do 1.\u00ba CEB (2004, UA) e doutorou-se em Did\u00e1tica (2009, UA). Concluiu a especializa\u00e7\u00e3o em Ensino Especial \u2013 dom\u00ednio cognitivo-motor (2010, ISCIA) e, posteriormente, o curso de especializa\u00e7\u00e3o do Mestrado em Ensino do 1.\u00ba CEB e Portugu\u00eas\/Hist\u00f3ria e Geografia de Portugal para o 2.\u00ba CEB (2016, UA).<\/p>\n<p>Atualmente, frequenta o est\u00e1gio de P\u00f3s Doutoramento (UA) em Educa\u00e7\u00e3o e Psicologia, na \u00e1rea de Supervis\u00e3o e Did\u00e1tica da Escrita.<\/p>\n<p>Desde 2005 que leciona no Ensino B\u00e1sico, tendo sido monitora da disciplina \u201cTeoria e Pr\u00e1tica Curricular\u201d da extinta Licenciatura em Ensino do 1.\u00ba Ciclo do Ensino B\u00e1sico (2005, 2007, UA).<\/p>\n<p>Exerceu fun\u00e7\u00f5es de forma\u00e7\u00e3o e de certifica\u00e7\u00e3o de compet\u00eancias na \u00e1rea de TIC, no \u00e2mbito do Plano Tecnol\u00f3gico de Educa\u00e7\u00e3o (DGIDC, 2010) e, desde ent\u00e3o, tem sido respons\u00e1vel pela elabora\u00e7\u00e3o e pela dinamiza\u00e7\u00e3o de diversas a\u00e7\u00f5es de forma\u00e7\u00e3o cont\u00ednua de professores (\u00e1reas de Did\u00e1tica e de Supervis\u00e3o). Atualmente faz parte da equipa nacional de forma\u00e7\u00e3o no \u00e2mbito da Autonomia e Flexibilidade Curricular.<\/p>\n<p>Integrou a rede de coopera\u00e7\u00e3o cient\u00edfica \u201cNovos saberes b\u00e1sicos, novos desafios \u00e0 forma\u00e7\u00e3o de professores\u201d (2004-2013, UA) e colabora no projeto <em>Protextos<\/em>, na \u00e1rea do desenvolvimento sist\u00e9mico da escrita (UA).<\/p>\n<p>Recebeu dois pr\u00e9mios atribu\u00eddos pela UA (2003, 2004) e foi distinguida com uma men\u00e7\u00e3o honrosa no Concurso <em>Aveiro Jovem Criador <\/em>(2005, C\u00e2mara Municipal de Aveiro).<\/p>\n","protected":false},"excerpt":{"rendered":"<p>Ana Almeida da Silva nasceu em 1982, em Vila Real. Licenciou-se em Ensino do 1.\u00ba CEB (2004, UA) e doutorou-se em Did\u00e1tica (2009, UA). Concluiu a especializa\u00e7\u00e3o em Ensino Especial \u2013 dom\u00ednio cognitivo-motor (2010, ISCIA) e, posteriormente, o curso de especializa\u00e7\u00e3o do Mestrado em Ensino do 1.\u00ba CEB e Portugu\u00eas\/Hist\u00f3ria e Geografia de Portugal para &hellip; <\/p>\n<p class=\"link-more\"><a href=\"https:\/\/protextos.web.ua.pt\/?page_id=1050\" class=\"more-link\">Continue reading<span class=\"screen-reader-text\"> &#8220;Ana Almeida da Silva&#8221;<\/span><\/a><\/p>\n","protected":false},"author":1,"featured_media":0,"parent":91,"menu_order":0,"comment_status":"closed","ping_status":"closed","template":"","meta":{"footnotes":""},"class_list":["post-1050","page","type-page","status-publish","hentry"],"_links":{"self":[{"href":"https:\/\/protextos.web.ua.pt\/index.php?rest_route=\/wp\/v2\/pages\/1050","targetHints":{"allow":["GET"]}}],"collection":[{"href":"https:\/\/protextos.web.ua.pt\/index.php?rest_route=\/wp\/v2\/pages"}],"about":[{"href":"https:\/\/protextos.web.ua.pt\/index.php?rest_route=\/wp\/v2\/types\/page"}],"author":[{"embeddable":true,"href":"https:\/\/protextos.web.ua.pt\/index.php?rest_route=\/wp\/v2\/users\/1"}],"replies":[{"embeddable":true,"href":"https:\/\/protextos.web.ua.pt\/index.php?rest_route=%2Fwp%2Fv2%2Fcomments&post=1050"}],"version-history":[{"count":2,"href":"https:\/\/protextos.web.ua.pt\/index.php?rest_route=\/wp\/v2\/pages\/1050\/revisions"}],"predecessor-version":[{"id":1725,"href":"https:\/\/protextos.web.ua.pt\/index.php?rest_route=\/wp\/v2\/pages\/1050\/revisions\/1725"}],"up":[{"embeddable":true,"href":"https:\/\/protextos.web.ua.pt\/index.php?rest_route=\/wp\/v2\/pages\/91"}],"wp:attachment":[{"href":"https:\/\/protextos.web.ua.pt\/index.php?rest_route=%2Fwp%2Fv2%2Fmedia&parent=1050"}],"curies":[{"name":"wp","href":"https:\/\/api.w.org\/{rel}","templated":true}]}}