{"id":13,"date":"2013-10-30T14:42:51","date_gmt":"2013-10-30T14:42:51","guid":{"rendered":"http:\/\/protextos.web.ua.pt\/?page_id=13"},"modified":"2023-08-29T14:57:54","modified_gmt":"2023-08-29T14:57:54","slug":"contactos","status":"publish","type":"page","link":"https:\/\/protextos.web.ua.pt\/?page_id=13","title":{"rendered":"Contactos"},"content":{"rendered":"\n<h3 class=\"wp-block-heading\">Protextos<\/h3>\n\n\n\n<p>Email:&nbsp;<a href=\"mailto:de-protextos@ua.pt\">de-protextos@ua.pt<\/a><\/p>\n\n\n\n<h3 class=\"wp-block-heading\">Coordenadora Respons\u00e1vel<\/h3>\n\n\n\n<p>In\u00eas Cardoso<\/p>\n\n\n\n<p>Email: <a href=\"mailto:mines.cardoso@ese.ipsantarem.pt\">mines.cardoso@ese.ipsantarem.pt<\/a><\/p>\n\n\n\n<p><strong><a rel=\"noreferrer noopener\" href=\"https:\/\/www.ipsantarem.pt\/escola-superior-de-educacao-de-santarem\/\" target=\"_blank\">Escola Superior de Educa\u00e7\u00e3o de Santar\u00e9m<\/a><\/strong><br>Complexo Andaluz\u00a0<br>2000-217 Santar\u00e9m<br>PORTUGAL<\/p>\n\n\n\n<p>Telefone: 243 309 180<strong>&nbsp;&nbsp;<\/strong>&nbsp;&nbsp;<\/p>\n\n\n\n<div class=\"wp-block-image\"><figure class=\"alignleft size-large is-resized\"><a href=\"http:\/\/protextos.web.ua.pt\/wp-content\/uploads\/2023\/08\/cropped-PolitSantarem_Logo-01.png\" target=\"_blank\" rel=\"noopener noreferrer\"><img loading=\"lazy\" decoding=\"async\" src=\"http:\/\/protextos.web.ua.pt\/wp-content\/uploads\/2023\/08\/cropped-PolitSantarem_Logo-01-1024x293.png\" alt=\"\" class=\"wp-image-2590\" width=\"512\" height=\"147\" srcset=\"https:\/\/protextos.web.ua.pt\/wp-content\/uploads\/2023\/08\/cropped-PolitSantarem_Logo-01-1024x293.png 1024w, https:\/\/protextos.web.ua.pt\/wp-content\/uploads\/2023\/08\/cropped-PolitSantarem_Logo-01-300x86.png 300w, https:\/\/protextos.web.ua.pt\/wp-content\/uploads\/2023\/08\/cropped-PolitSantarem_Logo-01-768x220.png 768w, https:\/\/protextos.web.ua.pt\/wp-content\/uploads\/2023\/08\/cropped-PolitSantarem_Logo-01-1536x439.png 1536w, https:\/\/protextos.web.ua.pt\/wp-content\/uploads\/2023\/08\/cropped-PolitSantarem_Logo-01-2048x586.png 2048w\" sizes=\"auto, (max-width: 512px) 100vw, 512px\" \/><\/a><\/figure><\/div>\n","protected":false},"excerpt":{"rendered":"<p>Protextos Email:&nbsp;de-protextos@ua.pt Coordenadora Respons\u00e1vel In\u00eas Cardoso Email: mines.cardoso@ese.ipsantarem.pt Escola Superior de Educa\u00e7\u00e3o de Santar\u00e9mComplexo Andaluz\u00a02000-217 Santar\u00e9mPORTUGAL Telefone: 243 309 180&nbsp;&nbsp;&nbsp;&nbsp;<\/p>\n","protected":false},"author":1,"featured_media":0,"parent":0,"menu_order":0,"comment_status":"open","ping_status":"open","template":"","meta":{"footnotes":""},"class_list":["post-13","page","type-page","status-publish","hentry"],"_links":{"self":[{"href":"https:\/\/protextos.web.ua.pt\/index.php?rest_route=\/wp\/v2\/pages\/13","targetHints":{"allow":["GET"]}}],"collection":[{"href":"https:\/\/protextos.web.ua.pt\/index.php?rest_route=\/wp\/v2\/pages"}],"about":[{"href":"https:\/\/protextos.web.ua.pt\/index.php?rest_route=\/wp\/v2\/types\/page"}],"author":[{"embeddable":true,"href":"https:\/\/protextos.web.ua.pt\/index.php?rest_route=\/wp\/v2\/users\/1"}],"replies":[{"embeddable":true,"href":"https:\/\/protextos.web.ua.pt\/index.php?rest_route=%2Fwp%2Fv2%2Fcomments&post=13"}],"version-history":[{"count":13,"href":"https:\/\/protextos.web.ua.pt\/index.php?rest_route=\/wp\/v2\/pages\/13\/revisions"}],"predecessor-version":[{"id":2593,"href":"https:\/\/protextos.web.ua.pt\/index.php?rest_route=\/wp\/v2\/pages\/13\/revisions\/2593"}],"wp:attachment":[{"href":"https:\/\/protextos.web.ua.pt\/index.php?rest_route=%2Fwp%2Fv2%2Fmedia&parent=13"}],"curies":[{"name":"wp","href":"https:\/\/api.w.org\/{rel}","templated":true}]}}