{"id":1692,"date":"2018-11-13T13:04:39","date_gmt":"2018-11-13T13:04:39","guid":{"rendered":"http:\/\/protextos.web.ua.pt\/?page_id=1692"},"modified":"2025-05-30T08:17:15","modified_gmt":"2025-05-30T08:17:15","slug":"noticias","status":"publish","type":"page","link":"https:\/\/protextos.web.ua.pt\/?page_id=1692","title":{"rendered":"Not\u00edcias"},"content":{"rendered":"\n<p class=\"has-text-align-left\"><strong>EM DESTAQUE<\/strong><\/p>\n\n\n\n<figure class=\"wp-block-embed-wordpress wp-block-embed is-type-wp-embed is-provider-protextos-ensino-e-aprendizagem-da-escrita-de-textos\"><div class=\"wp-block-embed__wrapper\">\n<blockquote class=\"wp-embedded-content\" data-secret=\"1V46gfCGN0\"><a href=\"https:\/\/protextos.web.ua.pt\/?p=2930\">ACD &#8220;Contribui\u00e7\u00f5es da abordagem lingu\u00edstico-discursiva para o ensino da escrita&#8221;<\/a><\/blockquote><iframe loading=\"lazy\" class=\"wp-embedded-content\" sandbox=\"allow-scripts\" security=\"restricted\" style=\"position: absolute; visibility: hidden;\" title=\"&#8220;ACD &#8220;Contribui\u00e7\u00f5es da abordagem lingu\u00edstico-discursiva para o ensino da escrita&#8221;&#8221; &#8212; ProTextos \u2013 Ensino e Aprendizagem da Escrita de textos\" src=\"https:\/\/protextos.web.ua.pt\/?p=2930&#038;embed=true#?secret=o7Yq5tnoxd#?secret=1V46gfCGN0\" data-secret=\"1V46gfCGN0\" width=\"525\" height=\"296\" frameborder=\"0\" marginwidth=\"0\" marginheight=\"0\" scrolling=\"no\"><\/iframe>\n<\/div><\/figure>\n\n\n\n<figure class=\"wp-block-embed-wordpress wp-block-embed is-type-wp-embed is-provider-protextos-ensino-e-aprendizagem-da-escrita-de-textos\"><div class=\"wp-block-embed__wrapper\">\n<blockquote class=\"wp-embedded-content\" data-secret=\"Oz5myOUejO\"><a href=\"https:\/\/protextos.web.ua.pt\/?p=2894\">23.\u00b0 webinar dar a voz \u00e0 l\u00edngua | O mundo da escrita nos contextos digitais: vozes e intera\u00e7\u00e3o para a aprendizagem<\/a><\/blockquote><iframe loading=\"lazy\" class=\"wp-embedded-content\" sandbox=\"allow-scripts\" security=\"restricted\" style=\"position: absolute; visibility: hidden;\" title=\"&#8220;23.\u00b0 webinar dar a voz \u00e0 l\u00edngua | O mundo da escrita nos contextos digitais: vozes e intera\u00e7\u00e3o para a aprendizagem&#8221; &#8212; ProTextos \u2013 Ensino e Aprendizagem da Escrita de textos\" src=\"https:\/\/protextos.web.ua.pt\/?p=2894&#038;embed=true#?secret=HE2nWQgdys#?secret=Oz5myOUejO\" data-secret=\"Oz5myOUejO\" width=\"525\" height=\"296\" frameborder=\"0\" marginwidth=\"0\" marginheight=\"0\" scrolling=\"no\"><\/iframe>\n<\/div><\/figure>\n\n\n\n<figure class=\"wp-block-embed-wordpress wp-block-embed is-type-wp-embed is-provider-protextos-ensino-e-aprendizagem-da-escrita-de-textos\"><div class=\"wp-block-embed__wrapper\">\n<blockquote class=\"wp-embedded-content\" data-secret=\"S3QymFDbgd\"><a href=\"https:\/\/protextos.web.ua.pt\/?p=2870\">4.\u00aa edi\u00e7\u00e3o do Encontro Nacional sobre Discurso Acad\u00e9mico (ENDA 4)<\/a><\/blockquote><iframe loading=\"lazy\" class=\"wp-embedded-content\" sandbox=\"allow-scripts\" security=\"restricted\" style=\"position: absolute; visibility: hidden;\" title=\"&#8220;4.\u00aa edi\u00e7\u00e3o do Encontro Nacional sobre Discurso Acad\u00e9mico (ENDA 4)&#8221; &#8212; ProTextos \u2013 Ensino e Aprendizagem da Escrita de textos\" src=\"https:\/\/protextos.web.ua.pt\/?p=2870&#038;embed=true#?secret=so1HusGYr8#?secret=S3QymFDbgd\" data-secret=\"S3QymFDbgd\" width=\"525\" height=\"296\" frameborder=\"0\" marginwidth=\"0\" marginheight=\"0\" scrolling=\"no\"><\/iframe>\n<\/div><\/figure>\n\n\n\n<figure class=\"wp-block-embed-wordpress wp-block-embed is-type-wp-embed is-provider-protextos-ensino-e-aprendizagem-da-escrita-de-textos\"><div class=\"wp-block-embed__wrapper\">\n<blockquote class=\"wp-embedded-content\" data-secret=\"FCedokpMIz\"><a href=\"https:\/\/protextos.web.ua.pt\/?p=2832\">Defesa de Tese | Narciso Montanha Narciso<\/a><\/blockquote><iframe loading=\"lazy\" class=\"wp-embedded-content\" sandbox=\"allow-scripts\" security=\"restricted\" style=\"position: absolute; visibility: hidden;\" title=\"&#8220;Defesa de Tese | Narciso Montanha Narciso&#8221; &#8212; ProTextos \u2013 Ensino e Aprendizagem da Escrita de textos\" src=\"https:\/\/protextos.web.ua.pt\/?p=2832&#038;embed=true#?secret=dIlTY9giFX#?secret=FCedokpMIz\" data-secret=\"FCedokpMIz\" width=\"525\" height=\"296\" frameborder=\"0\" marginwidth=\"0\" marginheight=\"0\" scrolling=\"no\"><\/iframe>\n<\/div><\/figure>\n\n\n\n<p><a rel=\"noreferrer noopener\" href=\"http:\/\/protextos.web.ua.pt\/?page_id=2084\" target=\"_blank\"><strong>CONSULTAR ARQUIVO<\/strong><\/a><\/p>\n\n\n\n<hr class=\"wp-block-separator is-style-wide\"\/>\n\n\n\n<p><strong>NO BLOGUE DO CIDTFF<\/strong><\/p>\n\n\n\n<figure class=\"wp-block-embed-wordpress wp-block-embed is-type-wp-embed is-provider-cidtff\"><div class=\"wp-block-embed__wrapper\">\nhttps:\/\/blogs.ua.pt\/cidtff\/?p=69895\n<\/div><\/figure>\n\n\n\n<div class=\"wp-block-columns is-layout-flex wp-container-core-columns-is-layout-9d6595d7 wp-block-columns-is-layout-flex\">\n<div class=\"wp-block-column is-layout-flow wp-block-column-is-layout-flow\">\n<figure class=\"wp-block-embed-wordpress wp-block-embed is-type-wp-embed is-provider-cidtff\"><div class=\"wp-block-embed__wrapper\">\nhttps:\/\/blogs.ua.pt\/cidtff\/?p=67813\n<\/div><\/figure>\n<\/div>\n<\/div>\n\n\n\n<figure class=\"wp-block-embed-wordpress wp-block-embed is-type-wp-embed is-provider-cidtff\"><div class=\"wp-block-embed__wrapper\">\nhttps:\/\/blogs.ua.pt\/cidtff\/?p=59671\n<\/div><\/figure>\n\n\n\n<figure class=\"wp-block-embed-wordpress wp-block-embed is-type-wp-embed is-provider-cidtff\"><div class=\"wp-block-embed__wrapper\">\nhttps:\/\/blogs.ua.pt\/cidtff\/?p=57306\n<\/div><\/figure>\n\n\n\n<figure class=\"wp-block-embed-wordpress wp-block-embed is-type-wp-embed is-provider-cidtff\"><div class=\"wp-block-embed__wrapper\">\nhttps:\/\/blogs.ua.pt\/cidtff\/?p=31599\n<\/div><\/figure>\n\n\n\n<figure class=\"wp-block-embed-wordpress wp-block-embed is-type-wp-embed is-provider-cidtff\"><div class=\"wp-block-embed__wrapper\">\nhttps:\/\/blogs.ua.pt\/cidtff\/?p=21151\n<\/div><\/figure>\n\n\n\n<p><a href=\"https:\/\/protextos.web.ua.pt\/?page_id=2954\" target=\"_blank\" rel=\"noreferrer noopener\"><strong>CONSULTAR MAIS NOT\u00cdCIAS NO BLOGUE DO CIDTFF<\/strong><\/a><\/p>\n","protected":false},"excerpt":{"rendered":"<p>EM DESTAQUE CONSULTAR ARQUIVO NO BLOGUE DO CIDTFF CONSULTAR MAIS NOT\u00cdCIAS NO BLOGUE DO CIDTFF<\/p>\n","protected":false},"author":1,"featured_media":0,"parent":0,"menu_order":0,"comment_status":"closed","ping_status":"closed","template":"","meta":{"footnotes":""},"class_list":["post-1692","page","type-page","status-publish","hentry"],"_links":{"self":[{"href":"https:\/\/protextos.web.ua.pt\/index.php?rest_route=\/wp\/v2\/pages\/1692","targetHints":{"allow":["GET"]}}],"collection":[{"href":"https:\/\/protextos.web.ua.pt\/index.php?rest_route=\/wp\/v2\/pages"}],"about":[{"href":"https:\/\/protextos.web.ua.pt\/index.php?rest_route=\/wp\/v2\/types\/page"}],"author":[{"embeddable":true,"href":"https:\/\/protextos.web.ua.pt\/index.php?rest_route=\/wp\/v2\/users\/1"}],"replies":[{"embeddable":true,"href":"https:\/\/protextos.web.ua.pt\/index.php?rest_route=%2Fwp%2Fv2%2Fcomments&post=1692"}],"version-history":[{"count":38,"href":"https:\/\/protextos.web.ua.pt\/index.php?rest_route=\/wp\/v2\/pages\/1692\/revisions"}],"predecessor-version":[{"id":2960,"href":"https:\/\/protextos.web.ua.pt\/index.php?rest_route=\/wp\/v2\/pages\/1692\/revisions\/2960"}],"wp:attachment":[{"href":"https:\/\/protextos.web.ua.pt\/index.php?rest_route=%2Fwp%2Fv2%2Fmedia&parent=1692"}],"curies":[{"name":"wp","href":"https:\/\/api.w.org\/{rel}","templated":true}]}}