{"id":2422,"date":"2023-08-28T16:43:14","date_gmt":"2023-08-28T16:43:14","guid":{"rendered":"http:\/\/protextos.web.ua.pt\/?page_id=2422"},"modified":"2023-08-28T16:43:14","modified_gmt":"2023-08-28T16:43:14","slug":"teresa-da-costa","status":"publish","type":"page","link":"https:\/\/protextos.web.ua.pt\/?page_id=2422","title":{"rendered":"Teresa da Costa"},"content":{"rendered":"\n<div class=\"wp-block-image\"><figure class=\"alignright size-full is-resized\"><img loading=\"lazy\" decoding=\"async\" src=\"http:\/\/protextos.web.ua.pt\/wp-content\/uploads\/2023\/08\/Foto_TCosta.jpg\" alt=\"\" class=\"wp-image-2425\" width=\"223\" height=\"277\"\/><\/figure><\/div>\n\n\n\n<p>Teresa Costa \u00e9 doutora em Lingu\u00edstica Portuguesa e mestre em Lingu\u00edstica e Did\u00e1tica do Portugu\u00eas (L\u00edngua), pela Universidade de Lisboa. Licenciou-se em L\u00ednguas e Literaturas Modernas, variante de Estudos Portugueses e Ingleses (ramo de ensino), na Universidade da Madeira.<\/p>\n\n\n\n<p>Desde outubro de 2019, assume fun\u00e7\u00f5es de Professora Auxiliar Convidada da Faculdade de Artes e Humanidades, na Universidade da Madeira, onde leciona unidades curriculares de l\u00edngua e de lingu\u00edstica em cursos de licenciatura, de mestrado e CTeSP.<\/p>\n\n\n\n<p>No seu percurso profissional anterior (entre 1998 e 2019), foi professora de Portugu\u00eas e de Literatura Portuguesa no ensino b\u00e1sico e secund\u00e1rio. Paralelamente, colaborou em tempo parcial com o ensino superior polit\u00e9cnico, lecionando a UC L\u00edngua e Cultura Portuguesa, na licenciatura em Turismo do Instituto Superior de Administra\u00e7\u00e3o e L\u00ednguas, no Funchal.<\/p>\n\n\n\n<p>Os seus principais interesses de investiga\u00e7\u00e3o incidem na aquisi\u00e7\u00e3o e desenvolvimento lingu\u00edsticos, particularmente no dom\u00ednio da fonologia, interligada tamb\u00e9m com a aprendizagem da escrita. Paralelamente, nutre especial interesse pela escrita acad\u00e9mica, \u00e1rea na qual se insere o seu atual projeto de p\u00f3s-doutoramento na Universidade de Aveiro, sob a orienta\u00e7\u00e3o das Professoras Doutoras Lu\u00edsa Alvares Pereira e In\u00eas Cardoso.<\/p>\n\n\n\n<p>Colaborou, enquanto formadora, no <em>Programa Nacional de ensino Portugu\u00eas<\/em> \u2013 1.\u00ba ciclo e, no seio deste projeto, foi coautora da brochura <em>O conhecimento da L\u00edngua, desenvolver a consci\u00eancia fonol\u00f3gica<\/em>, publicado pelo Minist\u00e9rio da Educa\u00e7\u00e3o.\u00a0 Entre as suas publica\u00e7\u00f5es, constam algumas direcionadas especificamente para o ensino da l\u00edngua, no ensino b\u00e1sico ou secund\u00e1rio.<\/p>\n\n\n\n<p>Ci\u00eancia ID: <a href=\"https:\/\/www.cienciavitae.pt\/portal\/2214-A471-62D5\" target=\"_blank\" rel=\"noreferrer noopener\">2214-A471-62D5<\/a><\/p>\n","protected":false},"excerpt":{"rendered":"<p>Teresa Costa \u00e9 doutora em Lingu\u00edstica Portuguesa e mestre em Lingu\u00edstica e Did\u00e1tica do Portugu\u00eas (L\u00edngua), pela Universidade de Lisboa. Licenciou-se em L\u00ednguas e Literaturas Modernas, variante de Estudos Portugueses e Ingleses (ramo de ensino), na Universidade da Madeira. Desde outubro de 2019, assume fun\u00e7\u00f5es de Professora Auxiliar Convidada da Faculdade de Artes e Humanidades, &hellip; <\/p>\n<p class=\"link-more\"><a href=\"https:\/\/protextos.web.ua.pt\/?page_id=2422\" class=\"more-link\">Continue reading<span class=\"screen-reader-text\"> &#8220;Teresa da Costa&#8221;<\/span><\/a><\/p>\n","protected":false},"author":1,"featured_media":0,"parent":91,"menu_order":0,"comment_status":"closed","ping_status":"closed","template":"","meta":{"footnotes":""},"class_list":["post-2422","page","type-page","status-publish","hentry"],"_links":{"self":[{"href":"https:\/\/protextos.web.ua.pt\/index.php?rest_route=\/wp\/v2\/pages\/2422","targetHints":{"allow":["GET"]}}],"collection":[{"href":"https:\/\/protextos.web.ua.pt\/index.php?rest_route=\/wp\/v2\/pages"}],"about":[{"href":"https:\/\/protextos.web.ua.pt\/index.php?rest_route=\/wp\/v2\/types\/page"}],"author":[{"embeddable":true,"href":"https:\/\/protextos.web.ua.pt\/index.php?rest_route=\/wp\/v2\/users\/1"}],"replies":[{"embeddable":true,"href":"https:\/\/protextos.web.ua.pt\/index.php?rest_route=%2Fwp%2Fv2%2Fcomments&post=2422"}],"version-history":[{"count":1,"href":"https:\/\/protextos.web.ua.pt\/index.php?rest_route=\/wp\/v2\/pages\/2422\/revisions"}],"predecessor-version":[{"id":2428,"href":"https:\/\/protextos.web.ua.pt\/index.php?rest_route=\/wp\/v2\/pages\/2422\/revisions\/2428"}],"up":[{"embeddable":true,"href":"https:\/\/protextos.web.ua.pt\/index.php?rest_route=\/wp\/v2\/pages\/91"}],"wp:attachment":[{"href":"https:\/\/protextos.web.ua.pt\/index.php?rest_route=%2Fwp%2Fv2%2Fmedia&parent=2422"}],"curies":[{"name":"wp","href":"https:\/\/api.w.org\/{rel}","templated":true}]}}