{"id":57,"date":"2013-12-02T12:44:03","date_gmt":"2013-12-02T12:44:03","guid":{"rendered":"http:\/\/protextos.web.ua.pt\/?page_id=57"},"modified":"2023-08-29T12:06:51","modified_gmt":"2023-08-29T12:06:51","slug":"projetos-concluidos","status":"publish","type":"page","link":"https:\/\/protextos.web.ua.pt\/?page_id=57","title":{"rendered":"Projetos Coletivos"},"content":{"rendered":"\n<p><\/p>\n\n\n\n<p><strong>2023<\/strong> &#8211; <strong>2028 &#8211; Projeto \u201cEscrita e tradi\u00e7\u00e3o discursiva no ensino: da delimita\u00e7\u00e3o conceitual ao seu papel nos aspectos ocultos do letramento acad\u00eamico\u201d<\/strong>, coordenado por L\u00facia Regiane Lopes-Damasio (Linha de fomento: Programas Especiais \/ PNGP \u2013 Programa Nova Gera\u00e7\u00e3o de Pesquisadores \/ PI \u2013 Aux\u00edlio \u00e0 Pesquisa \u2013 Projeto Inicial \u2013\u00a0Processo n.\u00ba 2022\/02850-0)<\/p>\n\n\n\n<p><strong>2022 &#8211;<\/strong> Projeto Educa\u00e7\u00e3o Inclusiva, coordenado pelo Minist\u00e9rio de Educa\u00e7\u00e3o (ME), atrav\u00e9s da Dire\u00e7\u00e3o-Geral da Educa\u00e7\u00e3o (DGE), da Dire\u00e7\u00e3o-Geral dos Estabelecimentos Escolares (DGEstE), da Inspe\u00e7\u00e3o-Geral da Educa\u00e7\u00e3o e Ci\u00eancia (IGEC), da Ag\u00eancia Nacional para a Qualifica\u00e7\u00e3o e o Ensino Profissional, I.P. (ANQEP) e do Programa Nacional de Promo\u00e7\u00e3o do Sucesso Escolar (PNPSE).<\/p>\n\n\n\n<p><strong>2021 &#8211; 2024 &#8211;<\/strong> Citizen learning communities for the promotion of interdisciplinary education in science and Literature (<strong>BiblioLab-ILC<\/strong>) (CIDTFF); coordenado por Joaquim Bernardino de Oliveira Lopes<\/p>\n\n\n\n<p><strong>2018-2021<\/strong> &#8211; <strong>DIADE<\/strong>\u00a0&#8211; Desenvolvimento, Intera\u00e7\u00e3o e Aprendizagem da Escrita no Ensino B\u00e1sico<\/p>\n\n\n\n<p><strong>2018-2020<\/strong> &#8211; Forma\u00e7\u00e3o Continuada e COMUNIDADES DE DESENVOLVIMENTO PROFISSIONAL: Aproxima\u00e7\u00f5es Te\u00f3rico-pr\u00e1ticas &#8211; Programa de P\u00f3s-Gradua\u00e7\u00e3o em Lingu\u00edstica Aplicada &#8211; Universidade do Vale do Rio dos Sinos\/UNISINOS &nbsp;(BRASIL)<\/p>\n\n\n\n<p><strong>2017-2019<\/strong> &#8211; Desenvolvimento da escrita: a APRECIA\u00c7\u00c3O CR\u00cdTICA no Ensino Secund\u00e1rio<\/p>\n\n\n\n<p><strong>2017-2019<\/strong> &#8211; Rede&nbsp;<strong>HELICE<\/strong>&nbsp;(Histoirie de l&#8217;enseignement de la litt\u00e9rature, comparaisons europ\u00e9enes) (Coordena\u00e7\u00e3o de Christophe Ronveaux et Marie-France Bishop)&nbsp;<\/p>\n\n\n\n<p><strong>2015-2019 &#8211; <a href=\"http:\/\/protextos.web.ua.pt\/?page_id=432\">O ensino da escrita de&nbsp; diferentes&nbsp; g\u00e9neros textuais.<\/a><\/strong><\/p>\n\n\n\n<p><strong>2014-2018 &#8211;&nbsp;<\/strong><a href=\"http:\/\/www.cost.eu\/domains_actions\/isch\/Actions\/IS1401\"><strong><em>Action COST IS1401 <\/em><\/strong><\/a><strong><em>&#8211;<\/em><\/strong><em> <strong>Strengthening Europeans&#8217; capabilities by establishing the European literacy network<\/strong><\/em> <strong>(COST &#8211; <em>European Cooperation in the field of Scientific and Technological Research<\/em>). &#8211; Em continuidade<\/strong><\/p>\n\n\n\n<p><strong>2014-2017 &#8211;\u00a0\u00a0<em><a href=\"https:\/\/youtu.be\/6qowuV_ychA?si=DO3k586uUUVrXAbB\" target=\"_blank\" rel=\"noreferrer noopener\">InterWriting II &#8211; Escritura em tempo e espa\u00e7o real<\/a>.\u00a0<\/em>\u00a0<\/strong>Projeto de Coopera\u00e7\u00e3o Internacional Luso-Franco-Brasileiro, coord. por Eduardo Calil (Brasil).<\/p>\n\n\n\n<p><strong>2011-2014 &#8211;<a href=\"http:\/\/sigarra.up.pt\/fcup\/pt\/projectos_geral.mostra_projecto?p_id=60033\">&nbsp;DAAR &#8211; <strong><em>Desenvolver, automatizar e auto-regular os processos cognitivos na escrita<\/em><\/strong><\/a>,<\/strong>&nbsp;coord. por Rui&nbsp; Alves,&nbsp;FPCE-UP.<\/p>\n\n\n\n<p><strong>2010-2013 &#8211; <a href=\"http:\/\/cms.ua.pt\/protextos\/\">PROTEXTOS \u2013 Ensino da Produ\u00e7\u00e3o de Textos no Ensino B\u00e1sico<\/a><\/strong><a href=\"http:\/\/cms.ua.pt\/protextos\/\">.<\/a><strong>&nbsp;&nbsp;\u2013 Ensino da Produ\u00e7\u00e3o de Textos no Ensino B\u00e1sico\u201d (PTDC\/CPE-CED\/101009\/2008), coord. Lu\u00edsa \u00c1lvares Pereira, CIDTFF, UA.&nbsp;<\/strong><\/p>\n\n\n\n<p><strong>2009-2012 &#8211;<em>European Research Network on Learning to Write Effectively (ERN-LWE) \u2013<\/em>&nbsp;<\/strong><a href=\"http:\/\/www.cost-lwe.eu\/\">&nbsp;<strong><em>COST ACTION IS0703<\/em><\/strong><\/a><em>&nbsp;,&nbsp;coord. Denis Alamargot e Asa Wengelin<\/em><\/p>\n\n\n\n<p><strong>2006-2009 &#8211;<\/strong>&nbsp;<a href=\"http:\/\/www.chainstories.eu\/?id=22&amp;L=\"><strong><em>Chain Stories<\/em><\/strong> <\/a>&nbsp;(Fran\u00e7a,&nbsp;It\u00e1lia, Portugal, Reino Unido, Rom\u00e9nia) \u2013 Programa S\u00f3crates\/A\u00e7\u00e3o LINGUA 1 (Promo\u00e7\u00e3o da Aprendizagem de L\u00ednguas, coord. Stephen Moran).<\/p>\n","protected":false},"excerpt":{"rendered":"<p>2023 &#8211; 2028 &#8211; Projeto \u201cEscrita e tradi\u00e7\u00e3o discursiva no ensino: da delimita\u00e7\u00e3o conceitual ao seu papel nos aspectos ocultos do letramento acad\u00eamico\u201d, coordenado por L\u00facia Regiane Lopes-Damasio (Linha de fomento: Programas Especiais \/ PNGP \u2013 Programa Nova Gera\u00e7\u00e3o de Pesquisadores \/ PI \u2013 Aux\u00edlio \u00e0 Pesquisa \u2013 Projeto Inicial \u2013\u00a0Processo n.\u00ba 2022\/02850-0) 2022 &#8211; &hellip; <\/p>\n<p class=\"link-more\"><a href=\"https:\/\/protextos.web.ua.pt\/?page_id=57\" class=\"more-link\">Continue reading<span class=\"screen-reader-text\"> &#8220;Projetos Coletivos&#8221;<\/span><\/a><\/p>\n","protected":false},"author":1,"featured_media":0,"parent":85,"menu_order":0,"comment_status":"closed","ping_status":"open","template":"","meta":{"footnotes":""},"class_list":["post-57","page","type-page","status-publish","hentry"],"_links":{"self":[{"href":"https:\/\/protextos.web.ua.pt\/index.php?rest_route=\/wp\/v2\/pages\/57","targetHints":{"allow":["GET"]}}],"collection":[{"href":"https:\/\/protextos.web.ua.pt\/index.php?rest_route=\/wp\/v2\/pages"}],"about":[{"href":"https:\/\/protextos.web.ua.pt\/index.php?rest_route=\/wp\/v2\/types\/page"}],"author":[{"embeddable":true,"href":"https:\/\/protextos.web.ua.pt\/index.php?rest_route=\/wp\/v2\/users\/1"}],"replies":[{"embeddable":true,"href":"https:\/\/protextos.web.ua.pt\/index.php?rest_route=%2Fwp%2Fv2%2Fcomments&post=57"}],"version-history":[{"count":32,"href":"https:\/\/protextos.web.ua.pt\/index.php?rest_route=\/wp\/v2\/pages\/57\/revisions"}],"predecessor-version":[{"id":2458,"href":"https:\/\/protextos.web.ua.pt\/index.php?rest_route=\/wp\/v2\/pages\/57\/revisions\/2458"}],"up":[{"embeddable":true,"href":"https:\/\/protextos.web.ua.pt\/index.php?rest_route=\/wp\/v2\/pages\/85"}],"wp:attachment":[{"href":"https:\/\/protextos.web.ua.pt\/index.php?rest_route=%2Fwp%2Fv2%2Fmedia&parent=57"}],"curies":[{"name":"wp","href":"https:\/\/api.w.org\/{rel}","templated":true}]}}