{"id":17,"date":"2019-01-03T15:22:16","date_gmt":"2019-01-03T15:22:16","guid":{"rendered":"http:\/\/protextos.web.ua.pt\/vi-eire2019\/?page_id=17"},"modified":"2019-06-19T11:44:00","modified_gmt":"2019-06-19T11:44:00","slug":"vi-eire","status":"publish","type":"page","link":"https:\/\/protextos.web.ua.pt\/vi-eire2019\/","title":{"rendered":""},"content":{"rendered":"<p><a href=\"http:\/\/protextos.web.ua.pt\/vi-eire2019\/wp-content\/uploads\/2019\/06\/VI-EIRE_LIVRO_RESUMOS_19_junho-2019.pdf\" data-wplink-edit=\"true\"><strong>DESTAQUE: Livro de Resumos<\/strong><\/a><\/p>\n<p>O grupo <a href=\"http:\/\/protextos.web.ua.pt\/\">ProTextos<\/a> (Ensino e Aprendizagem da Escrita de Textos), com a Associa\u00e7\u00e3o de Estudos Lus\u00f3fonos, o Grupo \u201cReflex\u00e3o sobre a Escrita\u201d,\u00a0 o CIDTFF \u2013 Centro de Investiga\u00e7\u00e3o em Did\u00e1tica e Tecnologia na Forma\u00e7\u00e3o de Formadores, a Escola Superior de Educa\u00e7\u00e3o e Ci\u00eancias Sociais de Leiria e a Universidade do Minho, realizar\u00e1, na sequ\u00eancia de eventos anteriores, o\u00a0<em>VI Encontro Internacional de Reflex\u00e3o sobre a Escrita<\/em>\u00a0\u2013 algumas<em>\u00a0d\u00e9cadas de investiga\u00e7\u00e3o e ensino<\/em>, nos dias 21 (tarde) e 22 de junho de 2019, na Universidade de Aveiro.<\/p>\n<p>O Encontro encontra-se acreditado como Curso de Forma\u00e7\u00e3o correspondente a 12 horas.<\/p>\n<p>O <a href=\"http:\/\/protextos.web.ua.pt\/vi-eire2019\/?page_id=338\">programa<\/a> contempla confer\u00eancias e pain\u00e9is com debates; apresenta\u00e7\u00e3o de comunica\u00e7\u00f5es, momentos pr\u00e1ticos de reflex\u00e3o e partilha em oficinas de forma\u00e7\u00e3o.<\/p>\n<p>Destina-se a\u00a0professores de v\u00e1rias disciplinas, formadores, investigadores, estudantes de licenciaturas em ensino e de p\u00f3s-gradua\u00e7\u00e3o.<\/p>\n<h2><strong>Novas datas de submiss\u00e3o de propostas<\/strong>:<\/h2>\n<p>Prazo para submiss\u00e3o das propostas de comunica\u00e7\u00e3o:\u00a0<span style=\"text-decoration: line-through;\">31 de mar\u00e7o de 2019<br \/>\n<\/span><strong>2\u00aa chamada: 15\u00a0de\u00a0abril\u00a0de\u00a02019<\/strong><br \/>\nComunica\u00e7\u00e3o aos proponentes do resultado da avalia\u00e7\u00e3o:<span style=\"text-decoration: line-through;\">\u00a030 de abril de 2019\u00a0<\/span><br \/>\n<strong>2\u00aa chamada: 15 de maio de 2019<\/strong><\/p>\n<p><img loading=\"lazy\" decoding=\"async\" class=\"aligncenter size-large wp-image-1436\" src=\"http:\/\/protextos.web.ua.pt\/vi-eire2019\/wp-content\/uploads\/2019\/06\/20190604_cartaz-imagem_vieire2019-01-724x1024.png\" alt=\"\" width=\"724\" height=\"1024\" srcset=\"https:\/\/protextos.web.ua.pt\/vi-eire2019\/wp-content\/uploads\/2019\/06\/20190604_cartaz-imagem_vieire2019-01-724x1024.png 724w, https:\/\/protextos.web.ua.pt\/vi-eire2019\/wp-content\/uploads\/2019\/06\/20190604_cartaz-imagem_vieire2019-01-212x300.png 212w, https:\/\/protextos.web.ua.pt\/vi-eire2019\/wp-content\/uploads\/2019\/06\/20190604_cartaz-imagem_vieire2019-01-768x1086.png 768w, https:\/\/protextos.web.ua.pt\/vi-eire2019\/wp-content\/uploads\/2019\/06\/20190604_cartaz-imagem_vieire2019-01-800x1131.png 800w, https:\/\/protextos.web.ua.pt\/vi-eire2019\/wp-content\/uploads\/2019\/06\/20190604_cartaz-imagem_vieire2019-01.png 1754w\" sizes=\"auto, (max-width: 724px) 100vw, 724px\" \/><\/p>\n","protected":false},"excerpt":{"rendered":"<p>DESTAQUE: Livro de Resumos O grupo ProTextos (Ensino e Aprendizagem da Escrita de Textos), com a Associa\u00e7\u00e3o de Estudos Lus\u00f3fonos, o Grupo \u201cReflex\u00e3o sobre a Escrita\u201d,\u00a0 o CIDTFF \u2013 Centro de Investiga\u00e7\u00e3o em Did\u00e1tica e Tecnologia na Forma\u00e7\u00e3o de Formadores, a Escola Superior de Educa\u00e7\u00e3o e Ci\u00eancias Sociais de Leiria e a Universidade do Minho, realizar\u00e1, na sequ\u00eancia de eventos<\/p>\n<p><a class=\"more-link\" href=\"https:\/\/protextos.web.ua.pt\/vi-eire2019\/\">Read More<\/a><\/p>\n","protected":false},"author":2,"featured_media":0,"parent":0,"menu_order":0,"comment_status":"closed","ping_status":"closed","template":"fullwidth.php","meta":{"footnotes":""},"class_list":["post-17","page","type-page","status-publish","hentry"],"_links":{"self":[{"href":"https:\/\/protextos.web.ua.pt\/vi-eire2019\/index.php?rest_route=\/wp\/v2\/pages\/17","targetHints":{"allow":["GET"]}}],"collection":[{"href":"https:\/\/protextos.web.ua.pt\/vi-eire2019\/index.php?rest_route=\/wp\/v2\/pages"}],"about":[{"href":"https:\/\/protextos.web.ua.pt\/vi-eire2019\/index.php?rest_route=\/wp\/v2\/types\/page"}],"author":[{"embeddable":true,"href":"https:\/\/protextos.web.ua.pt\/vi-eire2019\/index.php?rest_route=\/wp\/v2\/users\/2"}],"replies":[{"embeddable":true,"href":"https:\/\/protextos.web.ua.pt\/vi-eire2019\/index.php?rest_route=%2Fwp%2Fv2%2Fcomments&post=17"}],"version-history":[{"count":16,"href":"https:\/\/protextos.web.ua.pt\/vi-eire2019\/index.php?rest_route=\/wp\/v2\/pages\/17\/revisions"}],"predecessor-version":[{"id":1899,"href":"https:\/\/protextos.web.ua.pt\/vi-eire2019\/index.php?rest_route=\/wp\/v2\/pages\/17\/revisions\/1899"}],"wp:attachment":[{"href":"https:\/\/protextos.web.ua.pt\/vi-eire2019\/index.php?rest_route=%2Fwp%2Fv2%2Fmedia&parent=17"}],"curies":[{"name":"wp","href":"https:\/\/api.w.org\/{rel}","templated":true}]}}

<p><a href="http://protextos.web.ua.pt/vi-eire2019/wp-content/uploads/2019/06/VI-EIRE_LIVRO_RESUMOS_19_junho-2019.pdf" data-wplink-edit="true"><strong>DESTAQUE: Livro de Resumos</strong></a></p>
<p>O grupo <a href="http://protextos.web.ua.pt/">ProTextos</a> (Ensino e Aprendizagem da Escrita de Textos), com a Associação de Estudos Lusófonos, o Grupo “Reflexão sobre a Escrita”,  o CIDTFF – Centro de Investigação em Didática e Tecnologia na Formação de Formadores, a Escola Superior de Educação e Ciências Sociais de Leiria e a Universidade do Minho, realizará, na sequência de eventos anteriores, o <em>VI Encontro Internacional de Reflexão sobre a Escrita</em> – algumas<em> décadas de investigação e ensino</em>, nos dias 21 (tarde) e 22 de junho de 2019, na Universidade de Aveiro.</p>
<p>O Encontro encontra-se acreditado como Curso de Formação correspondente a 12 horas.</p>
<p>O <a href="http://protextos.web.ua.pt/vi-eire2019/?page_id=338">programa</a> contempla conferências e painéis com debates; apresentação de comunicações, momentos práticos de reflexão e partilha em oficinas de formação.</p>
<p>Destina-se a professores de várias disciplinas, formadores, investigadores, estudantes de licenciaturas em ensino e de pós-graduação.</p>
<h2><strong>Novas datas de submissão de propostas</strong>:</h2>
<p>Prazo para submissão das propostas de comunicação: <span style="text-decoration: line-through;">31 de março de 2019<br />
</span><strong>2ª chamada: 15 de abril de 2019</strong><br />
Comunicação aos proponentes do resultado da avaliação:<span style="text-decoration: line-through;"> 30 de abril de 2019 </span><br />
<strong>2ª chamada: 15 de maio de 2019</strong></p>
<p><img loading="lazy" decoding="async" class="aligncenter size-large wp-image-1436" src="http://protextos.web.ua.pt/vi-eire2019/wp-content/uploads/2019/06/20190604_cartaz-imagem_vieire2019-01-724x1024.png" alt="" width="724" height="1024" srcset="https://protextos.web.ua.pt/vi-eire2019/wp-content/uploads/2019/06/20190604_cartaz-imagem_vieire2019-01-724x1024.png 724w, https://protextos.web.ua.pt/vi-eire2019/wp-content/uploads/2019/06/20190604_cartaz-imagem_vieire2019-01-212x300.png 212w, https://protextos.web.ua.pt/vi-eire2019/wp-content/uploads/2019/06/20190604_cartaz-imagem_vieire2019-01-768x1086.png 768w, https://protextos.web.ua.pt/vi-eire2019/wp-content/uploads/2019/06/20190604_cartaz-imagem_vieire2019-01-800x1131.png 800w, https://protextos.web.ua.pt/vi-eire2019/wp-content/uploads/2019/06/20190604_cartaz-imagem_vieire2019-01.png 1754w" sizes="auto, (max-width: 724px) 100vw, 724px" /></p>

<p>DESTAQUE: Livro de Resumos O grupo ProTextos (Ensino e Aprendizagem da Escrita de Textos), com a Associação de Estudos Lusófonos, o Grupo “Reflexão sobre a Escrita”,  o CIDTFF – Centro de Investigação em Didática e Tecnologia na Formação de Formadores, a Escola Superior de Educação e Ciências Sociais de Leiria e a Universidade do Minho, realizará, na sequência de eventos</p>
<p><a class="more-link" href="https://protextos.web.ua.pt/vi-eire2019/">Read More</a></p>
