{"id":182,"date":"2019-01-15T12:33:57","date_gmt":"2019-01-15T12:33:57","guid":{"rendered":"http:\/\/protextos.web.ua.pt\/vi-eire2019\/?page_id=182"},"modified":"2019-01-21T12:49:01","modified_gmt":"2019-01-21T12:49:01","slug":"local","status":"publish","type":"page","link":"https:\/\/protextos.web.ua.pt\/vi-eire2019\/?page_id=182","title":{"rendered":"Local"},"content":{"rendered":"\n<p><strong>Universidade de Aveiro<\/strong> <br>Departamento de Educa\u00e7\u00e3o e Psicologia<br>Campus Universit\u00e1rio de Santiago<br>3810-193 AVEIRO<br>PORTUGAL <br><br><a href=\"mailto:vi.eire2019@gmail.com\">vi.eire2019@gmail.com<\/a><\/p>\n\n\n\n<p>GPS: N 40\u00ba 37`53,53\u201d , W 8\u00ba 39` 29,2\u201d<\/p>\n\n\n\n<iframe loading=\"lazy\" src=\"https:\/\/www.google.com\/maps\/embed?pb=!1m18!1m12!1m3!1d3027.912346828476!2d-8.66104858421107!3d40.63181497934087!2m3!1f0!2f0!3f0!3m2!1i1024!2i768!4f13.1!3m3!1m2!1s0xd23a2aadce2b44f%3A0xbc67396b79716d66!2sDepartamento+de+Educa%C3%A7%C3%A3o+e+Psicologia!5e0!3m2!1spt-PT!2spt!4v1547555479551\" width=\"600\" height=\"450\" frameborder=\"0\" style=\"border:0\" allowfullscreen=\"\"><\/iframe>\n","protected":false},"excerpt":{"rendered":"<p>Universidade de Aveiro Departamento de Educa\u00e7\u00e3o e PsicologiaCampus Universit\u00e1rio de Santiago3810-193 AVEIROPORTUGAL vi.eire2019@gmail.com GPS: N 40\u00ba 37`53,53\u201d , W 8\u00ba 39` 29,2\u201d<\/p>\n","protected":false},"author":2,"featured_media":0,"parent":0,"menu_order":0,"comment_status":"closed","ping_status":"closed","template":"","meta":{"footnotes":""},"class_list":["post-182","page","type-page","status-publish","hentry"],"_links":{"self":[{"href":"https:\/\/protextos.web.ua.pt\/vi-eire2019\/index.php?rest_route=\/wp\/v2\/pages\/182","targetHints":{"allow":["GET"]}}],"collection":[{"href":"https:\/\/protextos.web.ua.pt\/vi-eire2019\/index.php?rest_route=\/wp\/v2\/pages"}],"about":[{"href":"https:\/\/protextos.web.ua.pt\/vi-eire2019\/index.php?rest_route=\/wp\/v2\/types\/page"}],"author":[{"embeddable":true,"href":"https:\/\/protextos.web.ua.pt\/vi-eire2019\/index.php?rest_route=\/wp\/v2\/users\/2"}],"replies":[{"embeddable":true,"href":"https:\/\/protextos.web.ua.pt\/vi-eire2019\/index.php?rest_route=%2Fwp%2Fv2%2Fcomments&post=182"}],"version-history":[{"count":3,"href":"https:\/\/protextos.web.ua.pt\/vi-eire2019\/index.php?rest_route=\/wp\/v2\/pages\/182\/revisions"}],"predecessor-version":[{"id":329,"href":"https:\/\/protextos.web.ua.pt\/vi-eire2019\/index.php?rest_route=\/wp\/v2\/pages\/182\/revisions\/329"}],"wp:attachment":[{"href":"https:\/\/protextos.web.ua.pt\/vi-eire2019\/index.php?rest_route=%2Fwp%2Fv2%2Fmedia&parent=182"}],"curies":[{"name":"wp","href":"https:\/\/api.w.org\/{rel}","templated":true}]}}