{"id":661,"date":"2019-02-13T09:40:18","date_gmt":"2019-02-13T09:40:18","guid":{"rendered":"http:\/\/protextos.web.ua.pt\/vi-eire2019\/?page_id=661"},"modified":"2019-05-10T17:24:46","modified_gmt":"2019-05-10T17:24:46","slug":"rosalice-pinto","status":"publish","type":"page","link":"https:\/\/protextos.web.ua.pt\/vi-eire2019\/?page_id=661","title":{"rendered":"Rosalice Pinto"},"content":{"rendered":"\n<div class=\"wp-block-media-text alignwide\" style=\"grid-template-columns:34% auto\"><figure class=\"wp-block-media-text__media\"><img loading=\"lazy\" decoding=\"async\" width=\"768\" height=\"1024\" src=\"http:\/\/protextos.web.ua.pt\/vi-eire2019\/wp-content\/uploads\/2019\/02\/IMG_7561-768x1024.jpg\" alt=\"\" class=\"wp-image-664\" srcset=\"https:\/\/protextos.web.ua.pt\/vi-eire2019\/wp-content\/uploads\/2019\/02\/IMG_7561-768x1024.jpg 768w, https:\/\/protextos.web.ua.pt\/vi-eire2019\/wp-content\/uploads\/2019\/02\/IMG_7561-225x300.jpg 225w, https:\/\/protextos.web.ua.pt\/vi-eire2019\/wp-content\/uploads\/2019\/02\/IMG_7561-800x1067.jpg 800w, https:\/\/protextos.web.ua.pt\/vi-eire2019\/wp-content\/uploads\/2019\/02\/IMG_7561.jpg 960w\" sizes=\"auto, (max-width: 768px) 100vw, 768px\" \/><\/figure><div class=\"wp-block-media-text__content\">\n<p>Rosalice Pinto \u00e9 doutora em L\u00edngu\u00edstica pela Universidade Nova de Lisboa e p\u00f3s-doutora em Ci\u00eancias da Comunica\u00e7\u00e3o pela mesma Universidade e pela Universidade de Genebra. Atualmente, \u00e9  afiliada ao Instituto de Filosofia da Nova  (IFILNOVA) e colaboradora do Centro de Investiga\u00e7\u00e3o e Desenvolvimento sobre Direito e Sociedade da Faculdade de Direito da Universidade Nova de Lisboa (CEDIS) e dos grupos PROTEXTO da Universidade Federal do Cear\u00e1 e ATD da Universidade Federal do Rio Grande do Norte. Membro do Projeto <em>Valores em Discursos Argumentativos\/ Values in Argumentative Discourse<\/em> (PTDC\/MGC-FIL\/0521\/2014) \u2013 Financiado pela FCT. \u00c9 autora de v\u00e1rios trabalhos, em Portugal e no estrangeiro, em Linguagem em Contextos Profissionais, Linguagem Jur\u00eddica, Empreendedorismo, Argumenta\u00e7\u00e3o e Ret\u00f3rica, Lingu\u00edstica Textual e An\u00e1lise do Discurso.<\/p>\n<\/div><\/div>\n","protected":false},"excerpt":{"rendered":"<p>Rosalice Pinto \u00e9 doutora em L\u00edngu\u00edstica pela Universidade Nova de Lisboa e p\u00f3s-doutora em Ci\u00eancias da Comunica\u00e7\u00e3o pela mesma Universidade e pela Universidade de Genebra. Atualmente, \u00e9 afiliada ao Instituto de Filosofia da Nova (IFILNOVA) e colaboradora do Centro de Investiga\u00e7\u00e3o e Desenvolvimento sobre Direito e Sociedade da Faculdade de Direito da Universidade Nova de Lisboa (CEDIS) e dos grupos<\/p>\n<p><a class=\"more-link\" href=\"https:\/\/protextos.web.ua.pt\/vi-eire2019\/?page_id=661\">Read More<\/a><\/p>\n","protected":false},"author":2,"featured_media":0,"parent":113,"menu_order":5,"comment_status":"closed","ping_status":"closed","template":"","meta":{"footnotes":""},"class_list":["post-661","page","type-page","status-publish","hentry"],"_links":{"self":[{"href":"https:\/\/protextos.web.ua.pt\/vi-eire2019\/index.php?rest_route=\/wp\/v2\/pages\/661","targetHints":{"allow":["GET"]}}],"collection":[{"href":"https:\/\/protextos.web.ua.pt\/vi-eire2019\/index.php?rest_route=\/wp\/v2\/pages"}],"about":[{"href":"https:\/\/protextos.web.ua.pt\/vi-eire2019\/index.php?rest_route=\/wp\/v2\/types\/page"}],"author":[{"embeddable":true,"href":"https:\/\/protextos.web.ua.pt\/vi-eire2019\/index.php?rest_route=\/wp\/v2\/users\/2"}],"replies":[{"embeddable":true,"href":"https:\/\/protextos.web.ua.pt\/vi-eire2019\/index.php?rest_route=%2Fwp%2Fv2%2Fcomments&post=661"}],"version-history":[{"count":6,"href":"https:\/\/protextos.web.ua.pt\/vi-eire2019\/index.php?rest_route=\/wp\/v2\/pages\/661\/revisions"}],"predecessor-version":[{"id":1027,"href":"https:\/\/protextos.web.ua.pt\/vi-eire2019\/index.php?rest_route=\/wp\/v2\/pages\/661\/revisions\/1027"}],"up":[{"embeddable":true,"href":"https:\/\/protextos.web.ua.pt\/vi-eire2019\/index.php?rest_route=\/wp\/v2\/pages\/113"}],"wp:attachment":[{"href":"https:\/\/protextos.web.ua.pt\/vi-eire2019\/index.php?rest_route=%2Fwp%2Fv2%2Fmedia&parent=661"}],"curies":[{"name":"wp","href":"https:\/\/api.w.org\/{rel}","templated":true}]}}